1 - 12 - 17)).
-25
What is 0 + -2 + 2 + -1 - (-48 - -50)?
-3
What is the value of (7 - 3) + -2 + 20?
22
Evaluate 20 - ((18 - 35) + 3 - 3).
37
Calculate 13 + ((19 - 24) + -13 - 35).
-40
What is -11 + -27 + 36 + (-1 - -10)?
7
Calculate 24 - ((-1 + (8 - 1) - 4) + -12).
34
What is (6 - 13) + (26 - 12)?
7
What is the value of -179 - -163 - (0 - 16) - (25 - 3)?
-22
What is the value of 13 + 8 - 1 - 29?
-9
Calculate 23 + (-27 + 8 - -26).
30
(-8 - 5 - -21 - (0 - -21)) + 4
-9
-17 - 20 - (44 + -69)
-12
-9 + -8 + (63 - 54) + -6 + 1
-13
Calculate 3 + -2 + 12 - (-32 - -41).
4
Evaluate (3 - 3) + (-1 - -7).
6
What is -15 + -14 + 11 + 34?
16
(-30 - -29 - 51) + 29
-23
What is the value of 15 + 10 + -8 + -4 + -2?
11
What is the value of -3 + 0 - 21 - (304 + -301)?
-27
What is the value of (5 - -1 - (-6 - -4)) + -6 - -10?
12
Calculate -11 + (8 - -5) - (8 - 1) - 5.
-10
(0 - 3) + (-10 + -4 - -26) + -7
2
Evaluate -8 - ((12 - 36) + 0 + 13).
3
Evaluate 20 - (22 - -4) - 0.
-6
What is -2 - (9 - (14 - (-4 + 11))) - 13?
-17
What is the value of -5 - -3 - (2 + -4) - (225 - 235)?
10
Calculate (-3 - (-7 - -5)) + 9 - (-6 - 3).
17
Evaluate 12 - (-4 + 4 + 25).
-13
Evaluate -12 + (22 - 18) + 3.
-5
Evaluate (11 - -2) + 5 + 5 + -47.
-24
(-142 - -155) + 1 + -29
-15
What is -7 + ((4 - -4) + -4 - (2 - -10))?
-15
What is -3 + (-7 - 1) + (18 - (29 - 15))?
-7
What is 41 + (-20 + 15 - 3)?
33
Evaluate 15 + -42 + 7 + 37.
17
What is the value of (1 - (-4 + (6 - 8 - -3))) + 3?
7
What is 2 + -1 + -2 + (94 + -100 - -8)?
1
-7 + -1 + (-25 - (-47 + 15))
-1
What is the value of -92 + 78 + (-1 - -18)?
3
Calculate 5 + (-77 - -79 - (0 + -5)).
12
What is the value of -8 - ((14 - -6) + -6)?
-22
-2 + 11 + 2 + (-25 - -1)
-13
3 + 28 - (4 + -10 + 15)
22
Calculate -49 + (54 - (44 - 10)).
-29
Calculate 1 - 0 - (-12 + 5 - (-1 + -1)).
6
What is (7 - (3 - -11)) + 5 - (1 - 14)?
11
-9 - 6 - ((-3 - -9) + -12)
-9
What is 20 - -1 - (16 + -19 + (17 - 12))?
19
What is the value of 21 - (2 + 2) - (-11 + 2)?
26
-43 - -48 - (0 + (-1 - 3))
9
Evaluate -17 - (-42 - 20 - -28).
17
What is -7 + -31 + 56 + -32?
-14
(-14 - -1) + -5 + -6 + 5 + 8
-11
What is -4 + (-6 + 9 - -5) + -5?
-1
49 + -67 + (-4 - -3)
-19
Evaluate 2 - (10 + 0 - (-51 - -57)).
-2
1 - (22 + (5 + 1 - (-40 - -43)))
-24
Calculate -5 + (53 - 45) - (-3 - (1 + -1)).
6
Calculate (4 + 3 - 4) + (-4 - (-6 - -3)).
2
What is -21 + -12 + -2 + 16 + -2?
-21
(2 - 6) + (42 - -5 - 11) + -15
17
(2 - 8) + 2 + 87 + -128 + 39
-6
Evaluate 6 + -16 + -4 + 11.
-3
What is -7 - -27 - 45 - -44?
19
13 + -1 + -44 + 43 + 7
18
What is the value of (15 - (76 + -68)) + -39 + -1?
-33
Evaluate -9 + 20 + (10 - (-7 - -9) - 9).
10
What is the value of 4 + 23 + 78 + -91?
14
What is 5 - (-14 + (15 - -4)) - 6?
-6
What is the value of 2 + 15 + 5 + 3 + -11?
14
Calculate -12 - (-2 + -31) - (10 + -1).
12
What is the value of 36 - (-1 + (-19 + 9 - -12))?
35
Evaluate -11 - (-2 - 6) - (-9 + (0 - -3)).
3
What is 307 + -335 + (-5 - -2 - -15)?
-16
-11 - -1 - (-16 + (16 - 4))
-6
(-1 - (-32 - 0)) + (-23 - -6 - -11)
25
(-11 - (-3 - -1)) + -48 + (3 - -72)
18
-9 + 7 - (12 + -31)
17
What is the value of -3 - ((-5 - 6) + -2) - 4?
6
What is the value of (2 - 10) + (40 - -4) + -55?
-19
Calculate (-72 - -58) + (-1 - -9) + 10 + 1.
5
Evaluate -5 - ((3 - 2) + -9) - 24.
-21
What is 21 + (5 - 16) + 4?
14
Calculate -117 - -113 - (0 - 1).
-3
What is the value of 1 + 0 + -4 + 2?
-1
Evaluate -1 - (-14 + (30 - 15 - 17)).
15
Evaluate 8 + (-2 + -4 - 6).
-4
Calculate (2 + -1 + -2 - 10) + 7 + -11.
-15
Calculate -6 - (1 + 34 + (167 - 183)).
-25
(3 - 10) + 14 + -10 + 1 + 3
1
6 - ((-13 - -12) + -7 - -6)
8
Calculate 30 + -63 - -24 - (1 + -49).
39
What is the value of 15 - (30 - (0 - -51))?
36
What is the value of -5 - ((7 + 4 - 10) + -8 - 1)?
3
Calculate 14 + -30 + 19 + -6.
-3
What is -2 + (-19 - -11) - (-20 - -9)?
1
What is -1 + 4 + 3 - (334 - 318)?
-10
Evaluate -2136 - -2138 - (-4 - (0 - 1)).
5
What is -3 + -8 - (-38 - -26)?
1
Calculate 11 + (-21 - ((-9 - 5) + 5)).
-1
What is -12 + 10 + -11 - ((5 - -1) + 1)?
-20
What is the value of (-7 - -1) + 5 + (-4 - (12 - 6))?
-11
12 + (42 - 34 - ((3 - 0) + 0))
17
12 + (10 - (28 + -3) - -9) + 1
7
What is the value of 1726 + -1738 - (-7 + (-2 - -2 - 2))?
-3
What is (0 - ((-9 - -8) + -1) - 7) + 41?
36
Calculate -9 + (18 - (24 - 7)) - 5.
-13
What is the value of 1 + -7 + 15 + 5 - 39?
-25
Calculate 6 + 0 + 28 + -32 - (30 + -1).
-27
What is the value of (12 - 8) + -2 + -1 + 2 + -2?
1
13 + (-2 - (24 + -30 + 16))
1
Evaluate 2 + -14 + (9 - 9).
-12
What is (1 + 5 - 0 - 3) + -13?
-10
6 - ((-4 - -6) + 8) - -11
7
(-5 + -5 - -16) + -9
-3
Evaluate 15 + 0 + -1 + (-47 - -40).
7
Evaluate (6 - 5) + (-24 - -9) + 5.
-9
What is (22 - (-2 + 25)) + 13?
12
19 + (15 - 6 - (27 + -3) - -6)
10
What is 56 - 51 - (-4 + 9)?
0
Evaluate -104 + 113 + -4 + 11.
16
What is the value of (2 - 0) + -54 + 50 + 8?
6
Calculate -32 - (-53 - -9) - 35.
-23
8 + (12 - (15 - -11 - -2))
-8
What is (6 + (-3 - -4) - -2) + -22?
-13
What is -29 + 2 + 6 - -51?
30
Calculate 16 + -2 + -2 - (-27 - -25).
14
0 + 9 + (23 - 40) + 25 + 1
18
Calculate -19 - (-3 + (-40 - -11)).
13
Evaluate -10 + 11 + 15 + -2.
14
What is -1 - 12 - (157 + -173)?
3
What is (-8 - -17) + -1 + 3?
11
What is 53 + -71 + -2 + -2 + -6 + 5?
-23
What is 33 + 13 + (-22 - 5) - 14?
5
-1 - (16 - (-22 - -41))
2
Calculate (10 + -4 - (-4 - 2)) + -7.
5
Calculate 43 - (-3 + 34 - 3).
15
Evaluate (-2 - (-8 - -3 - (-1 - -2))) + 9.
13
Evaluate 11 + (-4 - (-10 - -2)) - 9.
6
What is (14 - -41) + -35 + -7 + 0?
13
Calculate -7 + (3 + 5 - 1) + 18 + -5.
13
Evaluate 10 - (5 + 11 + (-17 - -12)).
-1
Evaluate -9 + (24 - 37) + 1 + 13.
-8
Calculate (6 - -6) + -17 + (-3 - 18) + 6.
-20
Calculate -12 - (-16 + -21 + 37).
-12
What is 9 + (-6 + 11 - 8 - (5 - 8))?
9
Calculate -4 + -5 + (-14 + -15 - -42).
4
(20 - -2 - 1) + (-14 - (-19 - -4))
22
What is the value of -2 + 0 - 2 - ((7 - -3) + -8)?
-6
Evaluate (4 - 7) + (-11 - -7).
-7
Evaluate -30 + (-5 - -4) - -13 - -4.
-14
Calculate (10 - (5 + 7)) + 0.
-2
Calculate 4 + 0 - (-16 - (11 + (-14 - 19))).
-2
What is the value of -31 + 56 + -23 - (12 + -2)?
-8
3 + -34 + 18 + 8 + -23
-28
-26 - (2 + (-28 - -13))
-13
Calculate -7 - (2 + -4) - (-48 + 42).
1
What is 20 + -19 + 1 + (1 - 13)?
-10
What is (-7 - -1 - 0) + (10 - 14 - -10)?
0
Evaluate -3 - (-9 + 18) - -2 - -9.
-1
1 + 22 + -46 + 20
-3
16 - (-19 - -29 - 9)
15
Calculate -3 + 8 + -3 + (-8 - 0).
-6
Evaluate 6 + 6 + (0 - -2) + 3 - 1.
16
Calculate 19 + -35 + 21 + 7 + -2.
10
Calculate -17 - (-15 - 16) - (1 - -8).
5
Calculate -3 - (-11 + 3) - (35 + -21).
-9
What is -16 + (-1 - ((-2 - 7) + 3))?
-11
Evaluate -4 - (7 + -1 + (7 - 15) + -7).
5
What is the value of -7 + (-5 - -14) + 0 + -2 - 14?
-14
What is the value of (-13 - (-10 - 2)) + (-11 - 0) - 7?
-19
-9 + 2 + 16 + 4 + -6 + 4
11
Evaluate (-3 + 13 - 15) + 17 + 0.
12
-6 + (3 - (5 - 3)) + 9 + -7
-3
9 - (8 - -4 - -11)
-14
Evaluate (103 + -91 - (14 + -2)) + 10.
10
What is 22 + 0 + (44 - 80)?
-14
Calculate 6 + 3 + 2 + -6 + -3 + 1.
3
42 - (57 + -19 - 17)
21
Calculate 0 + 2 - (3 + (-12 - -12)).
-1
What is 41 + -20 - (-1 + 10)?
12
-274 + 332 - (31 + 0)
27
Calculate 11 + -5 + 7 + 7 + -8.
12
What is the value of -1 - -40 - (737 - 718)?
20
Calculate 1 + 1 - (1 + -11 + 4).
8
Calculate -5 - (-4 + (-2 - (5 - 6) - 5)).
5
What is -32 + 4 + 14 - (-16 - 0)?
2
What is -11 - -6 - (-1 - 5)?
1
What is -799 + 806 + (-8 - (-4 - (3 - 6)))?
0
Calculate 12 - (4 - -13) - 7.
-12
Evaluate 7 - -1 - (-13 + 39 - -8 - 17).
-9
What is the value of -5 + -8 + 0 + 24?
11
What is the value of 0 - 1 - (-592 + 570)?
21
Calculate 52 - 13 - -6 - 38.
7
5 + 2 + -4 + (-8 - -12) - 5
2
What is -11 - ((-4 - -8) + -10 + (4 - -2))?
-11
What is 34 - (18 - (2 + -20))?
-2
-4 + (-3 - (4 + -29 + 4))
14
(16 - 11) + (-10 - -4)
-1
(0 - 8) + (4 + -40 - -43) + -14
-15
Calculate -2 - (2 + -2 - (-5 + 2)).
-5
(-2 + 17 - (-6 - (5 + -12))) + 1
15
Evaluate -10 + 5 + (1 - -3) + 3.
2
Calculate -9 + 0 + 19 - 5.
5
Evaluate -29 + (50 - (41 - 29)).
9
What is the value of 8 - (-1 - 26) - 16?
19
Evaluate -3 + (-6 - -12) + 17 + -19.
1
31 + (4 - (29 + -11 - 11))
28
Evaluate (-38 - -25) + (-4 - (4 + -4)).
-17
What is 2 + -1 + 0 + -1417 + 1404?
-12
What is 3 + -9 + (-4 - (4 - 1)) + 1?
-12
What is the value of 4 - 29 - -11 - -6?
-8
Calculate -15 - (-8 - 4) - 2